*2 + 5*n - 29. Let r(t) = -4*t**2 - 2*t + 14. Let m(d) = -7*r(d) - 3*w(d). Is m(10) a composite number?
False
Suppose 4*h - 2*k - 6 = 0, -1 + 16 = h - 5*k. Let s be 1 + 0 + h + -5. Is (53/2)/(s/(-8)) composite?
False
Let p(h) = 2*h**2 - h + 10. Is p(9) a prime number?
True
Is (861/(-35))/(2/(-10)) a prime number?
False
Suppose 3*c - 7344 = 5*u + 1152, -4*c + 11305 = u. Is c a prime number?
False
Let s(u) = -u**2 - 7*u + 4. Let r be s(-7). Suppose 1976 = r*b - 20. Is b composite?
False
Suppose q + 4*q - 85 = 5*c, -c + 2*q - 12 = 0. Let p = 367 - c. Is p prime?
True
Suppose -14 = p + 4*j, -5*j = 4*p - 0*p + 56. Let o = 7 - p. Let x = o + 0. Is x prime?
False
Suppose -5690 = -5*b - x, 0 = -3*b - 3*x + 2*x + 3412. Is b a prime number?
False
Let o(d) = -3*d + 7. Let z(h) = h + 15. Let r be z(0). Let m be (3/9)/((-1)/r). Is o(m) a prime number?
False
Let m = 955 - 566. Is m composite?
False
Let s(r) = 2*r**2 + 12*r + 6. Let t be s(-8). Suppose -t - 18 = -2*g. Suppose -1 = -x, z = -3*x + 42 + g. Is z a prime number?
True
Is (518/6)/(16/48) a composite number?
True
Let w be (-4)/6 + 195/9. Suppose 1 = -h + 7. Let u = w - h. Is u a prime number?
False
Let s(h) = h + 4. Let q be s(0). Suppose -254 = -q*v + 2*v. Is v a prime number?
True
Suppose 29 = 5*y + 84. Let h = y + 17. Suppose p - 4 = h. Is p composite?
True
Let c = 8 + -4. Suppose 0*y - 56 = -4*y + 2*o, -c*y - 4*o = -68. Is y prime?
False
Is 4/(-4) + (1 - -46) a prime number?
False
Suppose 2*p = n + 10, 0 = -6*p + p + 20. Let q be (-251)/((-2)/(-4)*n). Suppose -5*z = -164 - q. Is z a prime number?
True
Suppose 3*a = -z + 123, 2*z - a + 4*a = 234. Is z a prime number?
False
Let x(f) be the second derivative of -7*f**3/2 - 5*f**2/2 + 3*f. Suppose 0 = -5*k - 31 + 11. Is x(k) prime?
True
Let g = 40 + -27. Let x(p) = -p**3 + 4*p**2 - 3*p - 3. Let t be x(3). Let c = t + g. Is c a prime number?
False
Let b(j) = 5*j**2 - 5*j + 7. Is b(-6) a composite number?
True
Let y be 1 + 8 + -2 + -1. Is 3/(y/106) - 0 composite?
False
Suppose -382 = 2*k + 4*p - 2*p, -2*p - 191 = k. Let x = 453 + k. Suppose -t + 3*t = x. Is t a prime number?
True
Let d = -19 + 22. Suppose -590 = -5*l + d*l. Is l a composite number?
True
Suppose 5*g - 71 - 104 = 0. Let y = g - -24. Is y a prime number?
True
Suppose -n + 4*s = 2*n - 18, 5*n - 2*s = 16. Is (n/6)/((-1)/(-111)) a composite number?
False
Is (314/4)/(2/4) a prime number?
True
Let a(g) = g - 7. Let t be a(8). Is -1 + -1 - (-81)/t prime?
True
Is (-2 - (-1 + -2)) + 186 prime?
False
Is (-12)/4*1 - -38 a prime number?
False
Let c(g) = -101*g. Let t(o) = -o - 1. Let k(b) = -c(b) - 5*t(b). Is k(5) prime?
False
Let i = -607 - -960. Is i composite?
False
Let l(q) = q**2 - 2*q + 11. Is l(6) a prime number?
False
Suppose -5729 = 4*q - 36261. Is q a composite number?
True
Suppose -1354 = i - 3*i. Is i composite?
False
Suppose 4*a + 11 = 4*r + 3, 2*r - 4 = -4*a. Let f(k) = k**3 + 0*k**3 - 14 + 2*k**r + 12*k - 12*k**2. Is f(10) a composite number?
True
Let x(f) = f**3 + 7*f**2 + 4*f + 9. Suppose 0 = 4*o - 22 - 6. Let t(r) = -r**3 + 6*r**2 + 7*r - 6. Let c be t(o). Is x(c) composite?
True
Let v be (-1)/(1 + (-52)/48). Suppose -3*r = 3 + 3. Let x = v + r. Is x a prime number?
False
Let t be 3 + -3 + 0 + 2. Suppose 4*g = 8, -t*u - 4*g + 19 - 3 = 0. Let p(y) = -y**3 + 6*y**2 - 2*y - 2. Is p(u) a composite number?
True
Suppose 577 = 2*a + 195. Is a a prime number?
True
Suppose 6*o - 14 = 10. Suppose -o*b + p = -2708, 3*b + 388 = -3*p + 2419. Is b a composite number?
False
Let t(d) = -d**2 - 8*d - 2. Let h be t(-8). Is 1/h + 300/8 a composite number?
False
Suppose 522 = s - 385. Is s prime?
True
Let k(r) = -12*r + 5. Let m(v) be the first derivative of v**2/2 + 3*v - 1. Let h be m(-7). Is k(h) composite?
False
Let m(p) = -p**2 + 5*p + 2. Suppose -4*o + 3 = -3*q + 30, -5*q - 4*o = -13. Let j be m(q). Suppose -2*n - j*n = -56. Is n prime?
False
Is 674/6 + 6/9 a prime number?
True
Let i(r) = r**2 + 2. Let m be i(0). Suppose 77 = 2*a + 4*z + 27, 3*z + 85 = m*a. Is a a prime number?
False
Let c(d) = -d**2 - 17*d + 25. Is c(-11) prime?
False
Let q(p) = 29*p**2 - p - 7. Is q(9) prime?
True
Let n = 15 + -4. Let j(c) = 3*c - 1. Let q be j(1). Is q*n*19/2 prime?
False
Suppose 4*p = p + a + 2394, -2*p + a + 1595 = 0. Is p prime?
False
Suppose -d = 2*u - 1622, 3*d - 4*d = 0. Is u a prime number?
True
Let j be (3 - 0)/(-3)*0. Suppose j*g = -2*g + 242. Is g composite?
True
Suppose 2*s + 4*h + 68 = -24, -5*s = -3*h + 243. Let y = s + 85. Is y a prime number?
True
Let z = -5 - -9. Suppose -5*w + z*x - 29 = 0, -2*w - 3*x - 15 = -8*x. Is 36 - 3/(2 + w) a composite number?
False
Suppose -5*s = -5*g - 14025, g + 11174 = 5*s - 2859. Is s prime?
False
Let m = -6 + 6. Suppose -j - 2*g + 848 = j, m = 2*j + g - 853. Suppose -5*p + j - 17 = -y, 4*p - 5*y - 317 = 0. Is p composite?
False
Suppose -c = 3*c + 20, 5*i = 5*c + 25. Is 34*1 + -1 + i composite?
True
Let h = 141 - 83. Is h prime?
False
Let y be (-21)/(-1 + (-20)/(-32)). Suppose u - 3*d + 7*d = 7, -3*d + 9 = 2*u. Suppose -u*j = j - y. Is j a composite number?
True
Let t(v) = 3*v. Let y = 2 + 5. Is t(y) a composite number?
True
Let o(n) = 8*n**2 - n + 8. Is o(5) a composite number?
True
Suppose -4*z = -x + z + 310, -2*x + 581 = 3*z. Is x composite?
True
Let w = -4966 + 3546. Is (w/(-30))/((-2)/(-3)) a prime number?
True
Let v be -3 + ((-3580)/(-4) - 1). Suppose t + 4 = v. Is t a composite number?
False
Let r be 6/(-27) - 2/(-9). Let s(k) = k**3 + 10. Let m be s(r). Suppose 3*x = 2*x + m. Is x composite?
True
Is (30/(-25))/((-2)/65) prime?
False
Suppose 0 = 5*c + 15 - 5. Is (c - -5) + (-44)/(-1) prime?
True
Let j be 140/63 - (-2)/(-9). Suppose -4*i + j*i + 76 = 0. Is i composite?
True
Let u(k) = 3*k**2 + 9*k + 7. Is u(9) composite?
False
Let p(q) = 3*q + 4. Let l be p(-6). Let w = -2519 - -1613. Is w/l - (-2)/7 a composite number?
True
Let q(g) = g + 2. Let y be q(0). Suppose -y*r = -5*r + 18. Suppose -r*o + 93 = -3*o. Is o prime?
True
Let k = -3 + 16. Suppose 5*y - k = 2*w + 361, 224 = 3*y - w. Suppose 3*r - 31 = y. Is r prime?
False
Let h = -31 + 18. Let d = h - -8. Let z(b) = -2*b + 3. Is z(d) a prime number?
True
Let x(l) = 34*l - 13. Is x(5) a prime number?
True
Suppose u + 3*o = 11, 4*u - 6 - 17 = -5*o. Suppose 5*n = u*i - 12, 2*i = -3*i + 5. Is ((-1)/n)/((-2)/(-40)) a prime number?
False
Let x = -30 + 791. Is x composite?
False
Suppose -7*i = -5*i - 1270. Is i a composite number?
True
Let v(o) = 8*o**3 + 2*o**2 + 3*o - 4. Is v(2) a composite number?
True
Suppose 3*f - 12 = 0, 5*c - 5*f - 29 + 109 = 0. Let q = c - -22. Is q a prime number?
False
Let y(h) be the first derivative of h**3 + 3*h**2/2 - 3*h - 6. Is y(-6) prime?
False
Let v(f) = -f**3 - f**2 + 4*f - 1. Is v(-7) composite?
True
Is (1 - -1)/6 + (-116040)/(-45) composite?
False
Suppose 2*f + 87 = 425. Is f a prime number?
False
Suppose -13 = 5*a + 32. Let h = a + 3. Let j(g) = g**3 + 6*g**2 - 5*g + 7. Is j(h) a prime number?
True
Let s(z) = -2*z - 7. Suppose -4*k - 24 = 3*n - n, -42 = 4*n + 5*k. Let j = n - -3. Is s(j) composite?
False
Let u = -6 - -8. Suppose 4*z = -z. Is (-53)/(-2)*(z + u) a prime number?
True
Let d(m) = m**2 - m + 9. Suppose 0 = -f + 4*f - 42. Is d(f) a prime number?
True
Is (-3485)/(-11) + (-4)/(-22) a composite number?
False
Let z(o) = 4*o**2 + 13*o - 9. Is z(10) prime?
True
Let j = 7 + -3. Suppose -4*b - j - 12 = 0, 5*b - 98 = -t. Is t a prime number?
False
Suppose 0 = -5*d + 12 + 13. Is (6*3 - 1)*d a composite number?
True
Let m be 2/(-5) + 48/20. Is -1*m*(-422)/4 prime?
True
Let p(l) be the third derivative of l**6/120 + l**5/15 + l**4/8 + 2*l**3/3 + 2*l**2. Let y be p(-3). Suppose 184 + 84 = y*c. Is c a prime number?
True
Suppose -212 = 5*s + 4*v - 28, -92 = 2*s - 3*v. Let f be 10/45 - (-817)/9 - 2. Let k = f - s. Is k prime?
False
Suppose -3*s + 34 + 503 = 0. Let n = s - 128. Is n a prime number?
False
Let j(g) = -2*g**3 - 3*g**2 + 2*g + 2. Let o be j(2). Let i = 50 - 14. Let w = o + i. Is w composite?
True
Suppose -l - 2*o + 64 = -131, 3*l - 569 = 2*o. Is l composite?
False
Let a = -776 - -1239. Let v = 443 - 683. Let t = a + v. Is t a composite number?
False
Suppose 4*k = 3*x + 2*k - 665, 3*x - 677 = 5*k. Suppose 5*s + 3*n - 1118 = 0, s - 4*n = -0*n + x. Is s composite